s l(44)?
-2
Let b(u) = -42711*u + 128254. What is b(3)?
121
Let k(s) = 1088*s - 713155. Calculate k(656).
573
Let z(v) = -v**3 - 10*v**2 - 868*v - 10675. Calculate z(-12).
29
Let w(o) = -139352*o - 278690. Determine w(-2).
14
Let w(f) = -953*f - 20041. What is w(-21)?
-28
Let m(l) = 17*l**2 + 52*l - 17. What is m(-11)?
1468
Let g(c) = 110*c**3 + 57*c**2 + 110*c - 461. What is g(2)?
867
Let v(c) = 8*c**3 - 5*c**2 + 10*c + 7. What is v(3)?
208
Let y(x) = 461*x - 6456. What is y(14)?
-2
Let d(b) = 25*b**2 + 9759*b + 231411. Calculate d(-365).
1
Let h(p) = 3*p**2 + 1741*p + 26188. Give h(-15).
748
Let p(f) = -4*f**2 + 22*f - 110. Calculate p(9).
-236
Let d(a) = a**3 + 31*a**2 + 31*a - 772. What is d(-21)?
2987
Let v(w) = w**2 - 835*w - 251453. What is v(-235)?
-3
Let p(c) = 2*c**3 + 138*c**2 - 178*c - 12309. Determine p(-69).
-27
Let t(l) = l**3 + 13*l**2 + 27*l - 43. What is t(-4)?
-7
Let q(l) = -4*l**3 - 48*l**2 + 12*l - 14. Calculate q(-13).
506
Let z(p) = -1245*p + 224041. What is z(180)?
-59
Let t(b) = b**3 + 2*b**2 - 54*b - 226. What is t(-6)?
-46
Let s(a) = a**3 - 37*a**2 - 153*a + 1478. Give s(40).
158
Let v(r) = -4*r**2 - 1109*r + 24870. What is v(-298)?
136
Let k(t) = 90*t - 43. What is k(5)?
407
Let b(t) = -3*t**2 + 34327*t + 206075. Calculate b(-6).
5
Let c(y) = -y**2 - 1714*y + 488689. Determine c(249).
-98
Let s(p) = -30452*p + 91347. Determine s(3).
-9
Let d(y) = -30044*y - 450652. Give d(-15).
8
Let l(a) = a**3 + 453*a**2 + 1713*a - 340. Give l(-4).
-8
Let w(v) = -11698*v - 1368696. Determine w(-117).
-30
Let s(b) = -116*b**2 + 592*b - 70. Determine s(5).
-10
Let l(g) = -4979*g + 244048. Determine l(49).
77
Let q(o) = -2*o**3 + 96*o**2 - 1162*o + 1484. Determine q(18).
8
Let m(b) = 18*b**3 + 329*b**2 - 180*b + 1266. Give m(-19).
-7
Let b(l) = 28156*l - 1069388. What is b(38)?
540
Let c(a) = 14*a**3 - 130*a**2 - 1955*a - 160. Determine c(-8).
-8
Let d(c) = -c**3 + 14*c**2 + 482*c - 54. Give d(30).
6
Let r(f) = -f**2 - 497*f - 37155. Determine r(-93).
417
Let y(c) = -3*c**2 - 8874*c - 444777. Calculate y(-51).
-6
Let c(k) = 182*k - 11948. Give c(66).
64
Let r(j) = -2*j**3 + 160*j**2 + 197*j + 12728. Calculate r(82).
1986
Let z(r) = 247*r**2 - 424*r - 4. Give z(2).
136
Let c(l) = 4126*l + 16533. Calculate c(-4).
29
Let c(k) = 685*k - 162319. Give c(236).
-659
Let s(c) = 3032*c - 230275. What is s(76)?
157
Let d(t) = 166*t + 8420. What is d(-52)?
-212
Let n(x) = 7*x**3 + 152*x**2 - 39*x + 13. Calculate n(-22).
-97
Let c(m) = -m**3 - 1845*m**2 - 11054*m - 179. Give c(-6).
-59
Let z(c) = -c**3 + 33*c**2 - 137*c + 285. Calculate z(30).
-1125
Let a(t) = -15*t**2 + 13059*t - 13041. Give a(1).
3
Let m(g) = 157*g - 1216. Determine m(10).
354
Let b(j) = -1243*j - 12088. Calculate b(-10).
342
Let p(y) = -6*y**2 - 108*y + 1103760. Give p(-438).
0
Let o(j) = -6235*j - 174791. Calculate o(-28).
-211
Let r(g) = 189*g**2 - 130223*g + 1313. Calculate r(689).
-65
Let r(b) = -253810*b + 32741487. Give r(129).
-3
Let c(u) = 186*u - 1324. Calculate c(7).
-22
Let d(h) = -240*h + 6239. Give d(24).
479
Let b(f) = 100*f**3 + 801*f**2 + 203*f + 1559. What is b(-8)?
-1
Let a(w) = -w**3 + 272*w**2 + 104*w - 28288. Give a(272).
0
Let b(i) = 2*i**3 - 756*i**2 - 841*i + 31337. What is b(379)?
-120
Let j(o) = 2*o**3 + 267*o**2 + 496*o + 48276. Determine j(-133).
-3
Let j(s) = 3*s**2 - 614*s - 35490. Calculate j(-47).
-5
Let w(s) = 5*s**2 - 420*s + 8652. Determine w(36).
12
Let d(j) = -j**2 - 650*j - 12202. Give d(-18).
-826
Let b(a) = 12*a**2 + 674*a - 3394. Give b(5).
276
Let a(q) = q**3 - 143*q**2 + 43*q - 6022. What is a(143)?
127
Let f(d) = 771*d + 1320. Determine f(-3).
-993
Let t(c) = -c**2 - 126*c + 16581. What is t(81)?
-186
Let t(q) = q**3 + 1770*q**2 + 12449*q + 782. Give t(-7).
26
Let k(v) = 3*v**3 - 122*v**2 + 48*v + 1199. Determine k(40).
-81
Let b(i) = 231*i - 194. What is b(-2)?
-656
Let r(o) = o**2 + 16372*o - 10112905. Determine r(596).
23
Let c(i) = -10*i**2 - 2172*i - 16735. Give c(-8).
1
Let y(o) = o**3 - 7*o**2 - 4519*o - 42. Calculate y(0).
-42
Let o(c) = -265566*c - 2921250. Calculate o(-11).
-24
Let j(t) = 9*t**3 + 2228*t**2 - 946*t + 11555. What is j(-248)?
147
Let b(u) = -63833*u - 127673. What is b(-2)?
-7
Let i(f) = -2*f**2 + 237*f + 1049. What is i(-4)?
69
Let b(z) = -2*z**2 + 7*z + 740. Determine b(-18).
-34
Let j(n) = 1414*n - 21814. Calculate j(14).
-2018
Let d(g) = -19*g**2 - 5395*g - 351079. What is d(-101)?
-3
Let g(c) = -69*c - 964. What is g(-18)?
278
Let s(r) = 25071*r + 476222. Determine s(-19).
-127
Let v(g) = -g**2 + 1756*g - 297552. Give v(190).
-12
Let f(v) = 380*v + 2317. Calculate f(-9).
-1103
Let c(i) = -18923*i - 94619. Determine c(-5).
-4
Let j(i) = -i**3 + 135*i**2 - 1681*i - 1603. Give j(121).
-30
Let y(s) = 240*s**2 - 200*s - 16958. Calculate y(-8).
2
Let s(o) = 71*o**2 - 286*o. What is s(7)?
1477
Let f(w) = 11884*w + 2733313. What is f(-230)?
-7
Let k(i) = 14*i**3 - 983*i**2 + 208*i + 155. What is k(70)?
15
Let n(b) = 553039*b - 4977341. Calculate n(9).
10
Let u(i) = -2*i**3 - 52*i**2 - 284*i - 18. Calculate u(-8).
-50
Let h(d) = 5731*d - 246405. Determine h(43).
28
Let m(g) = g**3 - 151*g**2 + 3684*g - 1589. What is m(30)?
31
Let u(j) = -24*j**2 + 783*j - 479. Give u(32).
1
Let m(x) = -5628*x + 1198802. What is m(213)?
38
Let n(i) = 6*i**2 + 389*i - 1806. Calculate n(-63).
-2499
Let f(b) = -3*b**2 + 40*b + 32045. What is f(-95)?
1170
Let i(q) = -25*q**2 + 562*q + 215. What is i(22)?
479
Let j(s) = -s**2 + 3595*s - 25118. Give j(7).
-2
Let l(k) = 257*k**2 + k - 1. Determine l(-1).
255
Let s(t) = t**3 + 106*t**2 + 2027*t + 169. What is s(-81)?
7
Let w(c) = -674495*c + 27654316. Calculate w(41).
21
Let y(k) = -k**2 + 9741*k + 97537. Determine y(-10).
27
Let z(r) = 5*r**2 - 277*r + 2538. Determine z(10).
268
Let u(g) = 1018*g + 403120. Determine u(-396).
-8
Let v(r) = 4*r**2 - 1321*r - 9445. Calculate v(-7).
-2
Let u(p) = 2377346*p + 7132046. Calculate u(-3).
8
Let b(s) = -1401*s - 16273. Calculate b(-13).
1940
Let z(g) = 1704896*g - 8524472. What is z(5)?
8
Let b(h) = 8*h**3 + 114*h**2 + 106*h - 310. Calculate b(-13).
2
Let c(g) = 226*g - 56271. What is c(249)?
3
Let b(q) = -363*q**2 + 50*q + 118. Calculate b(-2).
-1434
Let t(a) = 103*a**2 - 32157*a + 6550. Determine t(312).
-2
Let a(x) = -225*x + 3296. Calculate a(9).
1271
Let j(d) = d**3 + 54*d**2 - 951*d + 61. Give j(-68).
-7
Let c(a) = -a**3 - 74*a**2 - 1284*a + 959. Give c(-45).
14
Let v(y) = 581*y**2 - 495*y - 22. Determine v(1).
64
Let g(o) = o**3 + 315*o**2 + 311*o - 1840. Determine g(-314).
-898
Let f(k) = -242*k - 21549. Give f(-73).
-3883
Let r(h) = -4*h**3 - 27*h**2 - 48*h - 18. Calculate r(-9).
1143
Let y(q) = -q**3 + 42*q**2 + 116*q + 244. What is y(45)?
-611
Let s(k) = -2*k**2 - 138516*k - 415535. Calculate s(-3).
-5
Let q(a) = -1045*a - 164067. Give q(-157).
-2
Let g(v) = -2024*v + 596. Determine g(2).
-3452
Let o(k) = 22923*k - 114752. Calculate o(5).
-137
Let c(a) = -3*a**3 + 100*a**2 + 170*a - 459. Give c(35).
-634
Let k(m) = -330*m**2 - 74250*m + 60. Calculate k(-225).
60
Let z(s) = 32*s**3 - s**2 + 521*s - 2106. What is z(4)?
2010
Let d(i) = -118*i**3 + 8*i**2 + 28*i + 25. What is d(-1)?
123
Let j(z) = 7*z**2 - 282*z - 1142. Calculate j(-4).
98
Let i(y) = -2*y**3 + 13*y**2 + 6*y + 18. What is i(-3)?
171
Let b(r) = r**3 + 192*r**2 + 5916*r + 9982. Determine b(-154).
126
Let x(o) = -248133*o + 1985074. What is x(8)?
10
Let z(c) = -13*c**3 + 29*c**2 + 18*c - 193. Give z(6).
-1849
Let t(s) = -22*s**2 + 7579*s + 11498. Determine t(346).
80
Let p(s) = -3*s**2 + 185*s - 7680. Determine p(53).
-6302
Let h(x) = -x**3 + 37*x**2 - 141*x + 34. Give h(9).
1033
Let s(z) = 784913*z - 3924566. Calculate s(5).
-1
Let d(x) = 34*x**2 + 323*x + 487. Determine d(-2).
-23
Let z(j) = 3*j**2 - 9946*j - 9539229. What is z(-777)?
0
Let d(t) = -2279*t - 198279. Determine d(-87).
-6
Let q(z) = -z**3 - 16*z**2 + 418*z + 3253. Calculate q(-27).
-14
Let m(z) = -z**3 + 83*z**2 + 30*z - 269. Calculate m(-2).
11
Let z(u) = 2*u**3 - 153*u**2 + 236*u - 768. Determine z(75).
57
Let t(n) = -34538*n - 33538. Determine t(-1).
1000
Let t(p) = 4*p**2 + 2*p - 428. Calculate t(-9).
-122
Let r(n) = n**2 + 167*n + 1706. Give r(-11).
-10
Let m(r) = 8695*r - 139127. Give m(16).
-7
Let j(